 7, 23, 29, 359
What are the prime factors of 204121?
43, 47, 101
What are the prime factors of 9021515?
5, 1804303
List the prime factors of 4999590.
2, 3, 5, 18517
List the prime factors of 60645.
3, 5, 13, 311
What are the prime factors of 13978911?
3, 4659637
List the prime factors of 13067360.
2, 5, 81671
List the prime factors of 2065620.
2, 3, 5, 173, 199
List the prime factors of 405209.
7, 107, 541
What are the prime factors of 4004809?
17, 235577
What are the prime factors of 445448?
2, 55681
List the prime factors of 1291722.
2, 3, 461, 467
What are the prime factors of 6995?
5, 1399
List the prime factors of 2160731.
31, 47, 1483
List the prime factors of 14028206.
2, 23, 304961
What are the prime factors of 3851836?
2, 962959
List the prime factors of 1208120.
2, 5, 30203
List the prime factors of 14054606.
2, 7027303
List the prime factors of 737801.
737801
What are the prime factors of 133512?
2, 3, 5563
What are the prime factors of 3206358?
2, 3, 59377
What are the prime factors of 155792?
2, 7, 13, 107
List the prime factors of 1313060.
2, 5, 7, 83, 113
List the prime factors of 1050449.
1050449
List the prime factors of 1356420.
2, 3, 5, 13, 37, 47
What are the prime factors of 426711?
3, 142237
What are the prime factors of 526898?
2, 17, 15497
What are the prime factors of 2966517?
3, 17, 23, 281
List the prime factors of 1025407.
1025407
List the prime factors of 1100540.
2, 5, 7, 1123
List the prime factors of 37631.
11, 311
List the prime factors of 252011.
23, 10957
List the prime factors of 1221854.
2, 179, 3413
What are the prime factors of 69284?
2, 17321
List the prime factors of 7108577.
7, 239, 607
What are the prime factors of 7043079?
3, 2347693
What are the prime factors of 4458844?
2, 13, 19, 4513
What are the prime factors of 3488140?
2, 5, 174407
List the prime factors of 733057.
13, 17, 31, 107
List the prime factors of 742777.
7, 29, 3659
What are the prime factors of 4827306?
2, 3, 11, 73141
What are the prime factors of 35282359?
7, 89, 56633
List the prime factors of 2835483.
3, 7, 19289
List the prime factors of 52142.
2, 29, 31
What are the prime factors of 1261528?
2, 71, 2221
List the prime factors of 3931233.
3, 17, 19, 4057
List the prime factors of 1350196.
2, 227, 1487
What are the prime factors of 130438?
2, 7, 11
What are the prime factors of 380588?
2, 13, 563
What are the prime factors of 1720391?
73, 23567
List the prime factors of 408461.
408461
What are the prime factors of 17083212?
2, 3, 43, 33107
List the prime factors of 553416.
2, 3, 23059
List the prime factors of 1078160.
2, 5, 13477
What are the prime factors of 180419?
180419
What are the prime factors of 7228736?
2, 179, 631
What are the prime factors of 1984674?
2, 3, 67, 4937
What are the prime factors of 61715?
5, 12343
What are the prime factors of 4868526?
2, 3, 13, 62417
List the prime factors of 6029499.
3, 7, 41017
What are the prime factors of 2534352?
2, 3, 37, 1427
List the prime factors of 284106.
2, 3, 47351
What are the prime factors of 320799?
3, 61, 1753
What are the prime factors of 1459235?
5, 23, 12689
What are the prime factors of 8773650?
2, 3, 5, 67, 97
What are the prime factors of 675267?
3, 225089
What are the prime factors of 1342648?
2, 23, 7297
What are the prime factors of 972185?
5, 127, 1531
List the prime factors of 575469.
3, 43, 1487
List the prime factors of 1087555.
5, 7, 23, 193
List the prime factors of 413970.
2, 3, 5, 13799
What are the prime factors of 1637738?
2, 23, 35603
What are the prime factors of 618780?
2, 3, 5, 10313
What are the prime factors of 2002783?
2002783
List the prime factors of 62237.
7, 17, 523
What are the prime factors of 48487?
48487
List the prime factors of 215287.
461, 467
What are the prime factors of 431137?
7, 17, 3623
What are the prime factors of 3730655?
5, 263, 2837
List the prime factors of 7136042.
2, 37, 73, 1321
List the prime factors of 536283.
3, 11, 5417
List the prime factors of 854351.
854351
What are the prime factors of 503076?
2, 3, 7, 53, 113
What are the prime factors of 388144?
2, 17, 1427
What are the prime factors of 223155?
3, 5, 19, 29
List the prime factors of 325673.
325673
What are the prime factors of 727339?
19, 38281
List the prime factors of 12126904.
2, 109, 13907
List the prime factors of 857322.
2, 3, 47629
What are the prime factors of 16122010?
2, 5, 37, 43573
List the prime factors of 21843850.
2, 5, 7, 139, 449
List the prime factors of 829379.
17, 48787
What are the prime factors of 25811172?
2, 3, 409, 1753
What are the prime factors of 1669131?
3, 19, 43, 227
List the prime factors of 3723823.
79, 47137
List the prime factors of 4945582.
2, 2472791
List the prime factors of 8207430.
2, 3, 5, 7, 11, 17, 19
List the prime factors of 21404381.
1303, 16427
List the prime factors of 745540.
2, 5, 37277
What are the prime factors of 6990706?
2, 17, 37, 5557
What are the prime factors of 4478587?
97, 46171
List the prime factors of 7380644.
2, 1845161
What are the prime factors of 146546?
2, 47, 1559
List the prime factors of 237225.
3, 5, 3163
List the prime factors of 186689.
186689
What are the prime factors of 215958?
2, 3, 35993
List the prime factors of 570914.
2, 285457
List the prime factors of 2925062.
2, 7, 208933
What are the prime factors of 2097275?
5, 83891
What are the prime factors of 43905?
3, 5, 2927
List the prime factors of 4735660.
2, 5, 236783
What are the prime factors of 5880468?
2, 3, 11, 44549
List the prime factors of 999859.
7, 142837
List the prime factors of 159655.
5, 37, 863
List the prime factors of 1076175.
3, 5, 4783
List the prime factors of 12137255.
5, 13, 186727
List the prime factors of 4740.
2, 3, 5, 79
What are the prime factors of 400999?
137, 2927
List the prime factors of 185410.
2, 5, 18541
What are the prime factors of 1568304?
2, 3, 10891
What are the prime factors of 163453?
149, 1097
What are the prime factors of 291000?
2, 3, 5, 97
What are the prime factors of 413967?
3, 17, 8117
List the prime factors of 2142873.
3, 457, 521
List the prime factors of 2847894.
2, 3, 7, 67807
What are the prime factors of 24898584?
2, 3, 1037441
What are the prime factors of 16349108?
2, 4087277
List the prime factors of 20446.
2, 10223
List the prime factors of 351219.
3, 11, 29, 367
What are the prime factors of 28341460?
2, 5, 7, 97, 2087
What are the prime factors of 268837?
41, 79, 83
List the prime factors of 234208.
2, 13, 563
List the prime factors of 11264752.
2, 59, 11933
What are the prime factors of 1828780?
2, 5, 61, 1499
What are the prime factors of 1299485?
5, 11, 23627
List the prime factors of 23098383.
3, 7, 11, 33331
What are the prime factors of 112578?
2, 3, 29, 647
What are the prime factors of 4391495?
5, 878299
What are the prime factors of 559189?
19, 1549
List the prime factors of 4456008.
2, 3, 199, 311
List the prime factors of 10828042.
2, 797, 6793
What are the prime factors of 198454?
2, 67, 1481
List the prime factors of 5874338.
2, 23, 127703
What are the prime factors of 2111041?
2111041
List the prime factors of 21021072.
2, 3, 53, 8263
List the prime factors of 214632.
2, 3, 11, 271
List the prime factors of 5712625.
5, 23, 1987
List the prime factors of 51994.
2, 25997
What are the prime factors of 1965127?
29, 67763
List the prime factors of 6320658.
2, 3, 257, 4099
List the prime factors of 796663.
7, 113809
List the prime factors of 1871686.
2, 935843
List the prime factors of 43534283.
13, 223, 15017
List the prime factors of 5521105.
5, 1104221
What are the prime factors of 643666?
2, 321833
List the prime factors of 2181156.
2, 3, 181763
List the prime factors of 21548.
2, 5387
List the prime factors of 417662.
2, 7, 29833
List the prime factors of 220131.
3, 31, 263
List the prime factors of 1192246.
2, 11, 54193
What are the prime factors of 2648862?
2, 3, 83, 197
What are the prime factors of 1301627?
41, 53, 599
List the prime factors of 6208426.
2, 7, 43, 10313
List the prime factors of 533599.
11, 179, 271
List the prime factors of 25337.
13, 1949
What are the prime factors of 262144?
2
List the prime factors of 1042827.
3, 347609
What are the prime factors of 6552664?
2, 819083
List the prime factors of 516706.
2, 258353
What are the pri